illions digit of 2208143554?
2
What is the tens digit of 9410180?
8
What is the tens digit of 86026480?
8
What is the hundred millions digit of 126931578?
1
What is the hundred thousands digit of 2337225301?
2
What is the thousands digit of 146746724?
6
What is the hundred thousands digit of 30951951?
9
What is the tens digit of 104928288?
8
What is the ten millions digit of 277033173?
7
What is the tens digit of 1209375561?
6
What is the units digit of 411601037?
7
What is the ten thousands digit of 27690853?
9
What is the units digit of 45373210?
0
What is the hundred thousands digit of 17996025?
9
What is the units digit of 34723342?
2
What is the millions digit of 828695241?
8
What is the thousands digit of 74418258?
8
What is the ten millions digit of 217774055?
1
What is the ten millions digit of 1567420254?
6
What is the hundred millions digit of 428516879?
4
What is the tens digit of 6454980?
8
What is the units digit of 23064712?
2
What is the units digit of 1903569123?
3
What is the hundred thousands digit of 17668148?
6
What is the thousands digit of 710439933?
9
What is the units digit of 181091106?
6
What is the ten thousands digit of 482966853?
6
What is the hundred thousands digit of 322681721?
6
What is the units digit of 953903184?
4
What is the hundred thousands digit of 276092181?
0
What is the millions digit of 447421894?
7
What is the units digit of 1058096223?
3
What is the tens digit of 3041796136?
3
What is the ten thousands digit of 3008319579?
1
What is the hundred thousands digit of 76226372?
2
What is the units digit of 18269535?
5
What is the ten millions digit of 147263955?
4
What is the thousands digit of 581086?
1
What is the hundreds digit of 303792576?
5
What is the hundreds digit of 74111514?
5
What is the ten millions digit of 2773869568?
7
What is the thousands digit of 986384280?
4
What is the units digit of 461835301?
1
What is the hundred thousands digit of 253719649?
7
What is the units digit of 3813989396?
6
What is the units digit of 40882809?
9
What is the thousands digit of 168645665?
5
What is the hundreds digit of 3573857544?
5
What is the hundreds digit of 1214229384?
3
What is the tens digit of 439770731?
3
What is the billions digit of 2779009235?
2
What is the hundreds digit of 1497151576?
5
What is the ten thousands digit of 8049417881?
1
What is the billions digit of 1024488952?
1
What is the thousands digit of 7491177234?
7
What is the units digit of 886251512?
2
What is the ten millions digit of 384024679?
8
What is the units digit of 42765506?
6
What is the tens digit of 50636252?
5
What is the thousands digit of 43937995?
7
What is the ten thousands digit of 5973922644?
2
What is the tens digit of 6086321?
2
What is the hundreds digit of 36587548?
5
What is the thousands digit of 376693851?
3
What is the ten millions digit of 21756490?
2
What is the ten thousands digit of 97145076?
4
What is the units digit of 161042236?
6
What is the thousands digit of 161135786?
5
What is the ten thousands digit of 891243701?
4
What is the tens digit of 229154986?
8
What is the hundred millions digit of 2586962307?
5
What is the millions digit of 23049972?
3
What is the hundreds digit of 35216581?
5
What is the units digit of 1831033394?
4
What is the thousands digit of 99709267?
9
What is the hundred millions digit of 4260911650?
2
What is the units digit of 670374171?
1
What is the tens digit of 986619729?
2
What is the units digit of 60040049?
9
What is the ten thousands digit of 10234090?
3
What is the hundred thousands digit of 25145356?
1
What is the thousands digit of 24780113?
0
What is the thousands digit of 5802638073?
8
What is the millions digit of 297413488?
7
What is the thousands digit of 121728745?
8
What is the hundreds digit of 41890411?
4
What is the millions digit of 164501807?
4
What is the tens digit of 39052697?
9
What is the ten thousands digit of 3455001439?
0
What is the billions digit of 4219111387?
4
What is the hundred thousands digit of 115138682?
1
What is the millions digit of 246976579?
6
What is the units digit of 354806544?
4
What is the hundred millions digit of 907235191?
9
What is the tens digit of 1242060145?
4
What is the units digit of 3556485050?
0
What is the tens digit of 18490329?
2
What is the billions digit of 5161076517?
5
What is the hundred thousands digit of 647378196?
3
What is the tens digit of 974197274?
7
What is the hundreds digit of 856198087?
0
What is the tens digit of 25660673?
7
What is the millions digit of 60959272?
0
What is the millions digit of 193117516?
3
What is the tens digit of 4699851122?
2
What is the ten thousands digit of 22897772?
9
What is the hundreds digit of 3138428382?
3
What is the thousands digit of 1608068210?
8
What is the hundreds digit of 48310945?
9
What is the thousands digit of 277270026?
0
What is the millions digit of 113267146?
3
What is the ten millions digit of 164447503?
6
What is the millions digit of 735881195?
5
What is the ten thousands digit of 130533203?
3
What is the tens digit of 769012825?
2
What is the hundreds digit of 346457961?
9
What is the hundred thousands digit of 1513962513?
9
What is the hundreds digit of 77867330?
3
What is the billions digit of 2212047723?
2
What is the millions digit of 36418155?
6
What is the thousands digit of 91692599?
2
What is the tens digit of 130242129?
2
What is the ten thousands digit of 50069576?
6
What is the units digit of 4282910804?
4
What is the hundreds digit of 7795925?
9
What is the hundred thousands digit of 2117138838?
1
What is the thousands digit of 7240207354?
7
What is the ten millions digit of 55888698?
5
What is the tens digit of 4273271727?
2
What is the millions digit of 1012322286?
2
What is the millions digit of 12411063?
2
What is the thousands digit of 1537484600?
4
What is the hundred millions digit of 106330872?
1
What is the hundred millions digit of 475666253?
4
What is the hundreds digit of 2837927049?
0
What is the tens digit of 3663000?
0
What is the units digit of 21623788?
8
What is the hundred millions digit of 302047206?
3
What is the hundreds digit of 257074108?
1
What is the thousands digit of 1009250940?
0
What is the hundreds digit of 2563353?
3
What is the ten thousands digit of 491047771?
4
What is the tens digit of 1288902011?
1
What is the tens digit of 174300020?
2
What is the hundred thousands digit of 571493786?
4
What is the millions digit of 238156742?
8
What is the ten thousands digit of 1667752648?
5
What is the hundred thousands digit of 31785542?
7
What is the ten thousands digit of 1584249554?
4
What is the thousands digit of 1779681331?
1
What is the billions digit of 2512213773?
2
What is the hundreds digit of 80841883?
8
What is the thousands digit of 35049656?
9
What is the hundreds digit of 864359107?
1
What is the ten millions digit of 318290747?
1
What is the millions digit of 617942886?
7
What is the units digit of 624118140?
0
What is the ten thousands digit of 3245964313?
6
What is the millions digit of 644321038?
4
What is the hundreds digit of 160405639?
6
What is the ten millions digit of 363488383?
6
What is the units digit of 1482406?
6
What is the ten thousands digit of 143034804?
3
What is the millions digit of 1029055655?
9
What is the ten millions digit of 124889173?
2
What is the hundreds digit of 914100969?
9
What is the millions digit of 310449954?
0
What is the ten thousands digit of 36299340?
9
What is the ten millions digit of 233375101?
3
What is the hundreds digit of 12541497?
4
What is the hundreds digit of 62693801?
8
What is the tens digit of 403579970?
7
What is the tens digit of 1225142?
4
What is the hundreds digit of 47111792?
7
What is the units digit of 82924331?
1
What is the ten thousands digit of 16933421?
3
What is the units digit of 6251864232?
2
What is the hundreds digit of 100666281?
2
What is the ten thousands digit of 163139028?
3
What is the hundred millions digit of 868947336?
8
What is the tens digit of 35142016?
1
What is the hundred millions digit of 190078072?
1
What is the hundred thousands digit of 34484922?
4
What is the hundreds digit of 381347032?
0
What is the millions digit of 33250028?
3
What is the tens digit of 2508163182?
8
What is the million